) is divided by (-3 - (1 + -5)) + 6?
4
Let k = 77 + -35. What is the remainder when k is divided by 15?
12
Suppose 5*r + 2*i - 115 = 0, -r + 53 = 2*r - 2*i. Let l = 46 - r. What is the remainder when l is divided by 13?
12
Let t = -3 + 3. Let q(a) = a - 1. Let i be q(3). Calculate the remainder when 4 + 0 - (t + i) is divided by 1.
0
Let t = -2 + -1. Suppose 2*h = -5*a + 5 + 2, 3*h - 13 = -5*a. Calculate the remainder when (t/(-1))/((-6)/(-20)) is divided by h.
4
Calculate the remainder when 59 is divided by (-860)/(-30) + -2 + 4/3.
3
Let j(y) = -y**2 + 10*y - 6. Let d be j(9). Let z = 21 - d. Calculate the remainder when z is divided by 10.
8
Suppose 0 = -3*u + u + 14. Suppose 6*a = a + 20, 0 = -3*s - 4*a + 22. Calculate the remainder when u is divided by s.
1
Suppose 300 = -10*u + 16*u. What is the remainder when u is divided by 14?
8
Suppose 4*z - 63 = -2*u + 3*u, 4*u = z - 12. Calculate the remainder when 79 is divided by z.
15
Let l = -35 + 70. Let y = 29 - 11. Calculate the remainder when l is divided by y.
17
Suppose -3*v + 62 = b, 3*b + 208 = 7*b + 4*v. Suppose 2*x = b - 17. What is the remainder when 29 is divided by x?
14
Suppose 2*l = l + 15. Suppose 0*q - l = -5*q. Let v(s) = -s - 11. Calculate the remainder when v(-16) is divided by q.
2
Suppose 3 = z + 3*o - 12, 0 = -z - 5*o + 21. Suppose -1 + z = g. What is the remainder when g is divided by 3*(-2)/4*-2?
2
Suppose -10 = 2*s - 4*s + 2*d, -s - 2*d = -8. Calculate the remainder when 9 is divided by s.
3
Let f(x) = 2*x**2 + 2*x + 1. Let w be f(-6). Suppose 4*u + r - w = 0, 5*u + 0*r = -5*r + 95. Calculate the remainder when 25 is divided by u.
11
Suppose 4*i = 2*t - 70, 1 = 2*i + 3. Let x(z) = z**2 - 10*z + 6. Calculate the remainder when t is divided by x(11).
16
Suppose 0 = k - 3 - 24. What is the remainder when k is divided by 6?
3
Suppose -2*b - 3*x = -17, 2*b + x - 2*x - 37 = 0. Let s be b - 1*(3 + -2). Suppose 4*f = 5 + s. Calculate the remainder when 8 is divided by f.
3
Calculate the remainder when 34 + 1 + 0/2 is divided by 12.
11
Let t(c) = -14*c - 5. What is the remainder when 89 is divided by t(-2)?
20
Let k be 8 + -3 + 2 + 2. Let z = k + 0. What is the remainder when 17 is divided by z?
8
Suppose 50 + 50 = 2*m. Calculate the remainder when m is divided by (-1 + 2)*1 + 16.
16
Let m(i) be the third derivative of i**6/120 - 3*i**5/20 + 11*i**4/24 + i**3/6 - 7*i**2. Calculate the remainder when m(8) is divided by ((-26)/2)/(2/(-2)).
12
Let o = -8 + 19. Calculate the remainder when 76 is divided by o.
10
Suppose -2*f = t + 2, t + 0*t + f + 2 = 0. Let h be (3/t)/((-9)/48). Suppose y = 2*y - h. What is the remainder when 23 is divided by y?
7
Let s = 120 + -71. Suppose -m + l - 3*l = -7, -m + 5*l = 7. Suppose -65 = -m*z - 14. What is the remainder when s is divided by z?
15
Suppose 0 = u + 4*u - 2385. Suppose u = 5*x + 107. What is the remainder when x is divided by 3/(6/(-4))*4541/(-478)?
17
Let y = -9 + 3. What is the remainder when (108/42)/(y/(-28)) is divided by 8?
4
Let j = 13 - 9. What is the remainder when 6 is divided by j?
2
Let m be 6/15 + 74/(-10). Let j = -5 - m. Suppose i = -2*o + 70, j*i = 5*o + 3*i - 169. Calculate the remainder when o is divided by 17.
16
Let q = 34 + -20. Let z = q + -2. Suppose 3*a = -3*u + 162 - 54, 4*u = -5*a + 146. What is the remainder when u is divided by z?
10
Let i be (8/(-10))/(12/(-30)). Suppose -106 = -2*w + 4*k, 0 = -i*w + 4*w - 3*k - 105. Calculate the remainder when w is divided by 13.
12
Let z = -6 + 1. Let d = z + 21. Calculate the remainder when 30 is divided by d.
14
Let t = 2 - -2. What is the remainder when t is divided by 2?
0
Suppose -5*u = -2*u. Let p = u + 1. Suppose p = -y + 10. What is the remainder when 25 is divided by y?
7
Let n = -21 + 24. Suppose 0 = -2*u - 5*y + 29 - 4, -4 = u - 3*y. Suppose -5*p - 5*k = -5, -3*p - p + 22 = -u*k. What is the remainder when p is divided by n?
0
Calculate the remainder when 26*4/(40/55) is divided by 48.
47
Suppose j - y + 6*y = 9, -3*j + 16 = 4*y. Suppose 3*m = -3*s + j*m + 52, 42 = 2*s + 3*m. Let r = 115 - 62. What is the remainder when r is divided by s?
17
Suppose 0 = 3*t - 6*t - 2*y - 22, 9 = 4*t - 5*y. Let z(s) = -2*s**2 - 4*s. Let v be z(-3). What is the remainder when (v/t)/((-3)/(-68)) is divided by 12?
10
Let l = 22 - 9. Suppose 0*u + 3*u + 6 = 0. Calculate the remainder when u/10 + (-252)/(-10) is divided by l.
12
Let i(c) = c**2 + 8*c + 3. Let a be i(-6). Let w = a + 15. Calculate the remainder when 16 is divided by w.
4
What is the remainder when 30 is divided by 1*-1 - (75/(-5) + 1)?
4
Let s be 2 + (-5)/(5/12). Let i = 6 - s. Let q(d) = d**3 + 5*d**2 + 3*d - 3. Calculate the remainder when i is divided by q(-3).
4
Let r(y) = -2*y**2 - 4. Let c(v) = v**2 + 2. Let n(j) = -7*c(j) - 4*r(j). What is the remainder when 22 is divided by n(2)?
4
Suppose 7 = -5*j + 32. Suppose -j*w + 8 = -67. What is the remainder when 59 is divided by w?
14
Calculate the remainder when 76 is divided by (13/(13/(-4)))/((-2)/13).
24
Let m = -84 + -139. Let c = -117 - m. What is the remainder when c is divided by 27?
25
Let c(m) = -m**3 - 5*m**2 + 7*m + 6. Let k be c(-6). Calculate the remainder when 10 is divided by k + 1 - (2 + -4).
1
Let a = 11 + -9. Suppose -2 = -a*n + 6. Suppose 7 = s - 2*y, 2*y - 48 = -n*s + 5*y. What is the remainder when 43 is divided by s?
13
Let q = -5 + 3. Let z = q + 14. What is the remainder when 33 is divided by z?
9
Calculate the remainder when 23 is divided by (((-10)/3)/(-1))/((-6)/(-9)).
3
Suppose -3*s - 3*s + 48 = 0. Let z be (3/9)/((-1)/(-15)). Suppose -6*w = -k - 2*w + 33, -4*k - z*w + 27 = 0. Calculate the remainder when k is divided by s.
5
Suppose 4*q - 18 - 34 = 0. Calculate the remainder when q is divided by 7.
6
Suppose -7*r = -2*r - 15. Suppose 2*b - 9 = -4*c + b, -13 = -5*c - r*b. Calculate the remainder when c is divided by ((-1)/2)/((-2)/4).
0
Suppose 3*f - 207 = -15. Suppose b + 48 = 4*a, -b + f = 4*a + 2*b. Suppose 5*y - y - 100 = 0. What is the remainder when y is divided by a?
12
Let l = -146 + 80. Let h = 58 + -103. Let z = h - l. Calculate the remainder when z is divided by 11.
10
Let x be (-8)/24*-6*29. Suppose -2*j - 4*o + 12 = -x, 2*j = 3*o + 77. Calculate the remainder when j is divided by 20.
17
Calculate the remainder when (((-6)/5)/1)/((-18)/600) is divided by 21.
19
Let u = -168 + 92. Let g be u/18 + (-2)/(-9). What is the remainder when ((-2)/(-8))/(g/(-32)) is divided by 2?
0
Let p = 16 + -11. Suppose -5*x - 4*g - 23 + 2 = 0, -3*x + p*g = -17. Calculate the remainder when 0 + x + 12/3 is divided by 2.
1
Let z = -60 - -188. Let d = z + -82. Let a = d + -32. Calculate the remainder when 27 is divided by a.
13
Suppose 0 = m - 7*m + 408. Calculate the remainder when m is divided by 23.
22
Suppose 0 = -3*b + 4*b - 7. What is the remainder when (-266)/(-21) + (-2)/(-6) is divided by b?
6
Suppose 0*b + 39 = b + 5*s, -2*b = 3*s - 64. What is the remainder when b is divided by 10?
9
Suppose 0 = -4*w - w - 2*l + 272, 0 = -w - l + 52. Calculate the remainder when w is divided by 15.
11
Let b = 29 + -14. Let d = 108 + -64. What is the remainder when d is divided by b?
14
Let y = 11 + -6. Suppose -2*z - z + 6 = 0. What is the remainder when z/7 - (-162)/21 is divided by y?
3
Suppose 0 = -3*l - 5*m + 70, 10 = -4*m - 6. What is the remainder when l is divided by 8?
6
Let o(i) = -i**2 - 26*i - 29. Calculate the remainder when 47 is divided by o(-24).
9
Let p be (-2 + (-8)/6)*-3. Let d = -4 + p. Suppose 5*s = -21 + 76. Calculate the remainder when s is divided by d.
5
Let h = 23 - 8. What is the remainder when 36 is divided by h?
6
What is the remainder when 48 is divided by 4/6*1050/28?
23
Let g be (-4)/(-3)*12/8. Let z = 4 - g. Suppose z*b - b = 22. Calculate the remainder when b is divided by 6.
4
Suppose 1 = -2*w - 3, 0 = -5*g + 4*w + 123. Calculate the remainder when 79 is divided by g.
10
Let y(i) = i**3 - 11*i**2 + 6*i + 11. Calculate the remainder when y(11) is divided by 14.
7
Let i(o) = -1 + o**2 - 3 - 5*o - 2 + 0. Calculate the remainder when (6 + 0)*(-26)/(-3) is divided by i(8).
16
Suppose -5*w = -3*w - 18. Let x(i) = -i**3 - 4*i**2 - 3*i + 4. What is the remainder when x(-4) is divided by w?
7
Suppose -3*t + r = 2*t - 208, 0 = r